f k**5/60 - 5*k**4/24 - 4*k**3/3 - k**2 - 2*k. Calculate n(g).
-2
Let w(r) = -r**2 + r + 9. Let t = -241 - -247. Suppose -3*f - 15 = 2*f. Let x be f/t*(5 - 5). What is w(x)?
9
Let s(w) be the second derivative of -w**4/12 + w**3/6 - 3*w**2/2 - w. Let l be -3*((-4)/(-3) + (-31)/93). What is s(l)?
-15
Let q(t) be the first derivative of t**2 - 45*t + 215. Calculate q(20).
-5
Let v(z) = -z**2 + 4*z + 5. Let w be 4/(-22) + (-612)/(-99). Let k be v(w). Let m = 0 + k. Let o(h) = h**3 + 6*h**2 - 6*h + 4. Determine o(m).
-3
Let v(x) = -x. Let q(k) = 5*k - 12. Let s be 9 - 2*3/2. Let r(u) = s*v(u) + q(u). Let b(z) = z**2 + 9*z - 5. Let t be b(-9). Give r(t).
-7
Let g(i) = 0*i**2 - 6 - 3*i - i**2 + 3. Let m(o) = 10*o - 2. Let d(p) = -7*p + 1. Let c(t) = 7*d(t) + 5*m(t). Let l be c(0). Determine g(l).
-3
Suppose -g - 3*w + 0 + 11 = 0, -2 = -4*g + 2*w. Let d(q) be the first derivative of g - 3/2*q**2 + 3*q. What is d(3)?
-6
Suppose h - 4*s - 2 = -4, 4*s = 4*h - 4. Let f(w) = -w + 5*w + w - w**h - 3. Let i(v) = v**2 - v - 2. Let d be i(-2). Calculate f(d).
1
Let n(q) = 9*q**2 - 18*q - 18. Let v(r) = 5*r**2 - 10*r - 9. Let i(s) = -4*n(s) + 7*v(s). Calculate i(4).
1
Let x(c) = c**2 - 10*c - 2. Let k(h) = -44*h - 299. Let f be k(-7). Calculate x(f).
-11
Suppose -30 = i - 6*i. Suppose 0 = 2*l - 0*r + 4*r - 8, 0 = 4*l + 4*r - 12. Let k(a) = -1 + 156*a + a**2 - 163*a + 0*a**l. Calculate k(i).
-7
Let f(y) = 2*y**2 + 11*y**2 - 21*y**2 + 3 + 9*y**2 - y. Let i be (-3)/(-15) + (-62)/10. Let r be 6*(-3)/(27/i). What is f(r)?
15
Let l(o) = o**3 + 15*o**2 - 17*o - 17. Let t be 16*(((-3)/1 - -2) + 0). Calculate l(t).
-1
Let n(h) = 8*h + 2. Let p(q) = -q**3 + 20*q**2 - 82*q - 29. Let m be p(14). Calculate n(m).
-6
Let r = 262 + -266. Let z(n) = n + 3. What is z(r)?
-1
Let a(k) = -3*k**2 - k. Suppose 21*q - 96 = -75. Calculate a(q).
-4
Let l be 1/5 - (-29)/5. Suppose -z = z - l. Let d(g) = -g. Let t be d(z). Let x(u) = u**3 + 2*u**2 - u + 1. Calculate x(t).
-5
Let v(l) = 2*l - 18 - 3*l + 8*l + 3*l - 9*l. Give v(14).
-4
Let h = 4 - 1. Let u(v) = h + v - 3*v + 0*v - v. Calculate u(3).
-6
Suppose 0 = -9*m + 4*m - d - 15, 0 = 3*m - 4*d - 14. Let y(p) = p**2 - 2. Determine y(m).
2
Let f = -6 + 0. Let p(v) be the second derivative of -v**5/20 - v**4/2 - v**3/3 - 5*v**2/2 + 12*v. Calculate p(f).
7
Suppose -n - 4 = -18. Let o = n + -11. Suppose -13 = 4*f + o. Let m(v) = -v**3 - 4*v**2 + 3*v + 1. What is m(f)?
-11
Let t(p) = -6*p**3 + p**2 + p. Let r = 103 - 104. Determine t(r).
6
Let a(h) = 14*h + 10. Let t be a(-1). Let p(c) = -c**2 - 5*c + 3. What is p(t)?
7
Let k = 356 + -359. Let v(c) = -c**3 - 4*c**2 - 2*c - 4. What is v(k)?
-7
Let d(j) = 74*j + 513. Let w be d(-7). Let t(m) = -m - 17. Determine t(w).
-12
Let z(c) = c**3 - 2*c**2 + 6*c + 7. Suppose 6*f - 24 = 18*f. Let l(p) = -5*p**3 + 7*p**2 - 24*p - 29. Let r(q) = f*l(q) - 9*z(q). Determine r(-5).
0
Let b(d) = d**3 - 6*d**2 - 5*d - 10. Let y(v) = v**3 - 7*v**2 + 5*v + 13. Let s be y(6). Determine b(s).
4
Let k(g) = -g**3 - 5*g**2 + 3*g + 3. Let o(h) = h**3 + 5*h**2 - 2*h - 3. Let f(y) = -4*k(y) - 5*o(y). Determine f(-5).
13
Let s(n) = 2*n + 51. Let t be s(-26). Let o(q) = q + 3. What is o(t)?
2
Let y(r) be the third derivative of r**6/120 - r**4/24 + r**3/6 + 2*r**2 - 2. Suppose -b = 4*h - 18, 0 = 5*b + 3*h - 0*h - 5. What is y(b)?
-5
Let s = -2 - -8. Let q = s - -3. Suppose -3*f - 3 = q. Let d(p) = p**3 + 3*p**2 - 3*p - 2. What is d(f)?
-6
Let s(r) = r**3 - 2*r**2 - 3*r + 1. Let c(f) = -6*f**3 + f**2 + 18*f - 18. Let y(k) = c(k) + 5*s(k). Determine y(-10).
57
Let w(m) = 3*m**3 - m**2 + 4*m + 3. Let n be w(-2). Let l = n + 28. Let f(a) = a**3 + 5*a**2 - a - 4. Give f(l).
1
Let k(l) = -3*l - 11. Let p(a) = 7*a + 25. Let c(y) = -9*k(y) - 4*p(y). Determine c(-2).
1
Let b = -5 - -5. Let o(g) be the second derivative of g**4/12 - g**3/6 - 17*g**2/2 - 81*g. Calculate o(b).
-17
Suppose 47 - 9 = 2*k. Let v = -24 + k. Let w(u) = u**3 + 4*u**2 - 7*u - 6. Determine w(v).
4
Let n(o) = o**2 + 8*o - 2. Let q be n(-9). Let j(h) be the third derivative of -8*h**2 - 1/4*h**4 + 0 + 0*h + 1/60*h**5 - 5/3*h**3. What is j(q)?
-3
Let z be 13/6 - (15/(-6) + 4). Let k(q) be the third derivative of 0 + 2*q**2 + 0*q + z*q**3 + 1/24*q**4. Calculate k(-6).
-2
Suppose 0 = 7*b - 9*b - 10. Let x(g) be the second derivative of -g**3/6 - g**2/2 + g. Give x(b).
4
Let u = 683 - 677. Let i(h) = -4*h - 8. Determine i(u).
-32
Let b be (1 - 5)/(2/1). Suppose -2*m + 4*w + 10 = 0, 3*w + 6 + 0 = m. Let l(z) = -1 + z**3 + m*z + 0*z + 2*z**2 + 1. Determine l(b).
-6
Let n be (-6)/5*(-20)/6. Suppose 5*s - 4*t = 10, 5*t + n = 3*s - 2. Let x(j) = -4*j + j**2 - 2 - j**2 - 2*j**2 + j**s. Determine x(-4).
-2
Let m(h) = 3 - 5 - 6*h + 9*h - 5*h + 0. Determine m(10).
-22
Let o(d) = -5*d**2 + 2. Let y(w) = 0*w**2 - 4*w**2 + 5*w**2 - 2*w**2. Let r(p) = o(p) - 6*y(p). Determine r(2).
6
Let r(y) = 4*y + 0*y - 2*y - 2 + 0*y - y. Calculate r(3).
1
Let i(t) be the second derivative of -t**3 - t**2 + 5*t. Let y = 3 - -4. Let a = -5 + y. Determine i(a).
-14
Let d(k) be the second derivative of k**4/12 + 5*k**3/2 - 11*k**2/2 + 63*k. Determine d(-16).
5
Let u(g) = -3 + 352*g - 343*g - 2*g**2 + g**2. Calculate u(8).
5
Let n(v) = -4*v**2 + 4*v - 5. Suppose 4*g - 12 = -4*a, 3*g + 3 = 140*a - 137*a. Give n(a).
-13
Let u(s) = -7*s**3 + 2*s**2 - 9*s + 8. Let z(b) = 16*b**3 - 3*b**2 + 19*b - 18. Let w(n) = 9*u(n) + 4*z(n). Calculate w(-5).
50
Suppose 0 = -2*f + 6*f - 20. Suppose 0 = -f*o - 4*m + 16, -2*o + 4*m = -o + 16. Let j(c) be the first derivative of -c**2/2 - 3*c + 7. Calculate j(o).
-3
Let w = 22 - 17. Let z(m) be the second derivative of -m**3/3 + 3*m**2 + 9*m. Calculate z(w).
-4
Let p(c) = -15*c + 19. Let t(l) = 7*l - 9. Let x(y) = 6*p(y) + 13*t(y). Let n(s) = s**3 - 6*s**2 + 7*s - 4. Let u be n(5). Determine x(u).
3
Let t(s) = 18*s**3 + 4*s**2 - s - 6. Let k(x) = 2*x**3 + x**2 - 2. Let p(q) = -2*k(q) + t(q). Calculate p(-1).
-13
Let u = 14 - 26. Let z(d) = -42*d - 129. Let y(t) = 5*t + 16. Let k(i) = -17*y(i) - 2*z(i). Calculate k(u).
-2
Let w(k) be the third derivative of k**8/20160 - k**7/2520 + k**6/240 - k**5/60 + 7*k**2. Let a(x) be the third derivative of w(x). Give a(2).
3
Suppose -3*u + 9 = 0, 5*x - 373 = u + 3*u. Let k = x - 71. Let p(s) = s**2 - 8*s + 2. Determine p(k).
-10
Let n be (-18)/10 + 3/(-15). Let m(z) = -3*z - 3. Let v be m(n). Let o(x) = 4 + 3*x**2 + 2*x**2 - x**2 - 3*x - x**3. Calculate o(v).
4
Let q(z) be the third derivative of 0 - 7/24*z**4 - 1/60*z**5 + 16*z**2 + 0*z - 1/6*z**3. Calculate q(-6).
5
Let w(j) be the third derivative of -5*j**4/24 - j**3/6 - 2*j**2. Let p(z) = -4*z**2 + 2*z - 1. Suppose 2*l + 2 = 4*l. Let i be p(l). Determine w(i).
14
Let f(t) = -12*t + 21. Let a(w) = -2*w - 1. Let g(l) = -a(l) + f(l). Determine g(4).
-18
Let n(y) = -y**2 + y + 1. Let u(s) = 2*s**2 + 3*s - 5. Let l(d) = 3*n(d) + u(d). What is l(5)?
3
Let f(x) be the first derivative of 5*x**3/3 + x**2/2 - 5. Let z be f(1). Suppose -2*d + z = 0, 2*d - 30 = -4*t - 0*d. Let j(s) = -2*s + 5. Give j(t).
-7
Let v(j) = -16 + 3*j**2 - 4*j**2 + 12*j - 23*j. Calculate v(-9).
2
Let n = 34 + -32. Let k(d) = 5*d - 1. Calculate k(n).
9
Let c(s) = -2*s**2 - 7*s + 30. Let m(v) = v**2 + 3*v - 14. Let b(l) = 4*c(l) + 9*m(l). Calculate b(4).
6
Let o(m) = -m**3 + 6*m**2 - 6*m + 1. Let h = 86 - 81. Determine o(h).
-4
Let k(q) = -q**3 - 8*q**2 + 8*q - 12. Let o(w) be the third derivative of -w**4/6 - 3*w**3/2 - 3*w**2. Let b be o(0). What is k(b)?
-3
Let f(r) = r**2 - 4*r - 3. Let z be 8 - (-7 + 3 - -3). Let n = 29 - z. Suppose n = 5*o - o. Determine f(o).
2
Suppose -17*h - 23*h = 0. Let o(i) = -i + 12. What is o(h)?
12
Let b(y) be the second derivative of 0 - 5/2*y**2 - 8*y + 1/2*y**3. What is b(5)?
10
Suppose z - 20 = -0*z - 4*u, 0 = -2*z + 2*u. Let r(g) = -g**3 + 3*g**2 + 6*g - 1. Give r(z).
7
Let d(u) = 3. Suppose 8 = -g + 2*a, -g = -4*g - 5*a + 31. Let x(j) = -j + 10. Let v(h) = g*x(h) - 7*d(h). Calculate v(-3).
5
Let z(q) = -4*q - 1. Suppose 2*c + 47 = f, 0*c = -5*c - f - 128. Let v = -27 - c. Determine z(v).
7
Let z(m) = m**3 - m**2 + 2*m - 8. Suppose -5*g = -6*x + 3*x - 6, 4*g + 8 = -4*x. Determine z(g).
-8
Let c(i) = -i**2 + 6*i - 1. Let g(y) = 3*y**2 - 8*y - 3. Let v(t) = -t. Let r(s) 